{"id":57,"date":"2024-03-06T14:12:40","date_gmt":"2024-03-06T19:12:40","guid":{"rendered":"https:\/\/tiendadelprogramador.com\/?post_type=product&#038;p=57"},"modified":"2024-03-06T16:23:09","modified_gmt":"2024-03-06T21:23:09","slug":"camiseta-framework-react-ds1","status":"publish","type":"product","link":"https:\/\/tiendadelprogramador.com\/?product=camiseta-framework-react-ds1","title":{"rendered":"Camiseta Librer\u00eda React Ds1"},"content":{"rendered":"<p>Esta camiseta presenta el distintivo logotipo de React en el pecho. En negro cl\u00e1sico, es ideal para los entusiastas del desarrollo web. Fabricada con algod\u00f3n suave, es c\u00f3moda y perfecta para mostrar tu amor por React con estilo.<\/p>\n","protected":false},"excerpt":{"rendered":"<p>Esta camiseta presenta el distintivo logotipo de React en el pecho. En negro cl\u00e1sico, es ideal para los entusiastas del desarrollo web. Fabricada con algod\u00f3n suave, es c\u00f3moda y perfecta para mostrar tu amor por React con estilo.<\/p>\n","protected":false},"featured_media":67,"comment_status":"open","ping_status":"closed","template":"","meta":{"_monsterinsights_skip_tracking":false,"_monsterinsights_sitenote_active":false,"_monsterinsights_sitenote_note":"","_monsterinsights_sitenote_category":0},"product_cat":[22,26],"product_tag":[],"aioseo_notices":[],"jetpack_sharing_enabled":true,"_links":{"self":[{"href":"https:\/\/tiendadelprogramador.com\/index.php?rest_route=\/wp\/v2\/product\/57"}],"collection":[{"href":"https:\/\/tiendadelprogramador.com\/index.php?rest_route=\/wp\/v2\/product"}],"about":[{"href":"https:\/\/tiendadelprogramador.com\/index.php?rest_route=\/wp\/v2\/types\/product"}],"replies":[{"embeddable":true,"href":"https:\/\/tiendadelprogramador.com\/index.php?rest_route=%2Fwp%2Fv2%2Fcomments&post=57"}],"wp:featuredmedia":[{"embeddable":true,"href":"https:\/\/tiendadelprogramador.com\/index.php?rest_route=\/wp\/v2\/media\/67"}],"wp:attachment":[{"href":"https:\/\/tiendadelprogramador.com\/index.php?rest_route=%2Fwp%2Fv2%2Fmedia&parent=57"}],"wp:term":[{"taxonomy":"product_cat","embeddable":true,"href":"https:\/\/tiendadelprogramador.com\/index.php?rest_route=%2Fwp%2Fv2%2Fproduct_cat&post=57"},{"taxonomy":"product_tag","embeddable":true,"href":"https:\/\/tiendadelprogramador.com\/index.php?rest_route=%2Fwp%2Fv2%2Fproduct_tag&post=57"}],"curies":[{"name":"wp","href":"https:\/\/api.w.org\/{rel}","templated":true}]}}