{"id":2,"date":"2024-03-04T16:35:03","date_gmt":"2024-03-04T21:35:03","guid":{"rendered":"http:\/\/tiendadelprogramador.com\/?page_id=2"},"modified":"2024-03-06T11:06:42","modified_gmt":"2024-03-06T16:06:42","slug":"pagina-ejemplo","status":"publish","type":"page","link":"https:\/\/tiendadelprogramador.com\/?page_id=2","title":{"rendered":"Sobre nosotros"},"content":{"rendered":"\n<p>Bienvenido a la tienda del programador, tu destino para encontrar la fusi\u00f3n perfecta entre la moda contempor\u00e1nea y el mundo del desarrollo de software. En nuestra tienda, llevamos la creatividad y la innovaci\u00f3n a un nuevo nivel al ofrecerte una amplia gama de ropa y productos inspirados en la programaci\u00f3n y la tecnolog\u00eda.<\/p>\n\n\n\n<p>Sum\u00e9rgete en nuestro espacio \u00fanico donde el c\u00f3digo y el estilo se entrelazan de manera armoniosa. Desde camisetas con ingeniosos dise\u00f1os de algoritmos hasta sudaderas que celebran tus lenguajes de programaci\u00f3n favoritos, cada pieza est\u00e1 especialmente dise\u00f1ada para capturar la esencia del mundo digital.<\/p>\n\n\n\n<p>Nuestro compromiso con la calidad y la originalidad se refleja en cada art\u00edculo que ofrecemos. Trabajamos con materiales de primera calidad para garantizar que cada prenda sea una expresi\u00f3n aut\u00e9ntica de tu pasi\u00f3n por la programaci\u00f3n.<\/p>\n\n\n\n<p>Pero no nos detenemos en la moda. Tambi\u00e9n ofrecemos una variedad de productos relacionados con el desarrollo de software, desde tazas con c\u00f3digos hasta cojines con forma de tecla de computadora. Ya sea que est\u00e9s buscando un regalo \u00fanico para un amigo programador o simplemente quieras a\u00f1adir un toque de estilo tecnol\u00f3gico a tu vida diaria, aqu\u00ed encontrar\u00e1s lo que necesitas.<\/p>\n","protected":false},"excerpt":{"rendered":"<p>Bienvenido a la tienda del programador, tu destino para encontrar la fusi\u00f3n perfecta entre la moda contempor\u00e1nea y el mundo del desarrollo de software. En nuestra tienda, llevamos la creatividad y la innovaci\u00f3n a un nuevo nivel al ofrecerte una amplia gama de ropa y productos inspirados en la programaci\u00f3n y la tecnolog\u00eda. Sum\u00e9rgete en [&hellip;]<\/p>\n","protected":false},"author":1,"featured_media":0,"parent":0,"menu_order":0,"comment_status":"closed","ping_status":"open","template":"","meta":{"_monsterinsights_skip_tracking":false,"_monsterinsights_sitenote_active":false,"_monsterinsights_sitenote_note":"","_monsterinsights_sitenote_category":0,"footnotes":""},"aioseo_notices":[],"jetpack_sharing_enabled":true,"_links":{"self":[{"href":"https:\/\/tiendadelprogramador.com\/index.php?rest_route=\/wp\/v2\/pages\/2"}],"collection":[{"href":"https:\/\/tiendadelprogramador.com\/index.php?rest_route=\/wp\/v2\/pages"}],"about":[{"href":"https:\/\/tiendadelprogramador.com\/index.php?rest_route=\/wp\/v2\/types\/page"}],"author":[{"embeddable":true,"href":"https:\/\/tiendadelprogramador.com\/index.php?rest_route=\/wp\/v2\/users\/1"}],"replies":[{"embeddable":true,"href":"https:\/\/tiendadelprogramador.com\/index.php?rest_route=%2Fwp%2Fv2%2Fcomments&post=2"}],"version-history":[{"count":0,"href":"https:\/\/tiendadelprogramador.com\/index.php?rest_route=\/wp\/v2\/pages\/2\/revisions"}],"wp:attachment":[{"href":"https:\/\/tiendadelprogramador.com\/index.php?rest_route=%2Fwp%2Fv2%2Fmedia&parent=2"}],"curies":[{"name":"wp","href":"https:\/\/api.w.org\/{rel}","templated":true}]}}